-16. What is the units digit of b?
6
Suppose -y = 5*t + 90, -t - 5*y - 54 = 2*t. Let s = t + 34. What is the tens digit of s?
1
Let u be 2/(-3) + 33/9. Let a(c) = c**3 - 3*c**2 + 4*c. What is the tens digit of a(u)?
1
Let f(y) = y**2 - 8*y + 4. Let s be (1*3)/((-21)/(-56)). What is the units digit of f(s)?
4
Let i(l) = l**3 - 1. Let a(b) = 3*b**3 + 5*b**2 - b + 4. Let u(o) = a(o) - 2*i(o). What is the units digit of u(-5)?
1
Let c(m) = -m + 1. Let v be c(4). Let d be 8/(-12) - (-7)/v. What is the units digit of d*(-1 - (-2)/(-6))?
4
Let j(o) = 5*o - 1. Let b = 28 - 20. Let y be ((-12)/b)/(6/(-8)). What is the units digit of j(y)?
9
Let q(t) be the third derivative of 7*t**4/12 + t**3/6 - 2*t**2. What is the units digit of q(1)?
5
Suppose 58 = -f - f. Let o = f + 41. What is the units digit of o?
2
Let l be (-1)/((-2 + 3)/(-2)). Suppose 0 = -g + 2*g - l. What is the units digit of g?
2
Let w(x) = 2*x**2 + x - 1. What is the units digit of w(1)?
2
Suppose -5*j + 3*j - 10 = -2*h, 2*h = -4*j + 4. What is the units digit of h?
4
Let l(x) = 11*x - 74. What is the units digit of l(10)?
6
Let c = 25 + -17. What is the units digit of 2/c + 31/4?
8
Suppose -5*m + 16*m = 110. What is the tens digit of m?
1
Let u(j) = 28 - 2*j + 3*j - 6 + 0*j. What is the units digit of u(0)?
2
Suppose 0*t + 4 = t, 5*l - 443 = 3*t. What is the tens digit of l?
9
Let y be (-690)/54 - 6/27. Let o = 52 + y. What is the tens digit of o?
3
Let h(t) = t**2 - t + 5*t**2 - t**3 - 2*t + 0*t**2 - 6. Let o be h(5). Let j = o + 2. What is the units digit of j?
6
Let l = 27 - 58. Let q = -19 - l. What is the tens digit of q?
1
Suppose 0 = 5*y + u + 25 + 10, 5*u = -5*y - 15. Let x = 36 + -22. Let s = y + x. What is the units digit of s?
6
Let v(u) be the first derivative of u**3/3 + 4*u**2 + 9*u - 1. Suppose -y = -3*t + 7 + 1, -y - 2*t - 8 = 0. What is the units digit of v(y)?
9
Let r be ((-2)/(-6))/(1/9). What is the tens digit of (-54)/(3 + -5) - r?
2
What is the tens digit of ((-40)/(-6))/(12/18)?
1
Suppose r = 4*r + 2*o + 4, -r - 4*o = 18. What is the units digit of r*((-13)/(-2) - 1)?
1
Suppose 3*q + 66 = 5*n, 5*q - 30 = -2*n + n. What is the tens digit of n?
1
Suppose 0*b + 3*b - 21 = 0. Suppose 3*q - 4*d + 5 = 0, 3*q - 5*d = -0*q - b. What is the units digit of q?
1
Let i = -40 - -28. Let z = i + 17. Suppose 5*n = 2*o - 9, z*n + 18 - 5 = 4*o. What is the units digit of o?
2
Let g(w) = -3*w**3 + 6*w**2 - 12*w - 12. Let q(u) = u**3 + u + 1. Let y = 6 + -10. Let k(o) = y*q(o) - g(o). What is the units digit of k(-7)?
1
Let x be 84/(2 - 3/6). Let a be (x/(-6))/(3/9). What is the units digit of (1/(-2))/(7/a)?
2
Let g(u) = -3*u + 4. What is the tens digit of g(-23)?
7
Let h(j) = 2*j**3 + 27*j**2 + 11*j + 27. Let i(b) = -b**3 - 14*b**2 - 5*b - 14. Let l(d) = 3*h(d) + 5*i(d). What is the units digit of l(-10)?
1
Suppose 7*c - 6*c = 17. What is the tens digit of c?
1
Let q = -29 - -39. What is the units digit of q?
0
Let s(j) = 30*j - 5. What is the units digit of s(3)?
5
Let o(w) = -w**2 - 8*w - 4. Let j be o(-10). What is the units digit of (-16)/j + 109/3?
7
Let n(w) = w**3 + w**2 - w + 19. Let m be (-2 - -2)/(2/2). Let b = 0 - m. What is the units digit of n(b)?
9
Suppose b - 159 = -2*b. What is the tens digit of b?
5
Suppose 3*s = 5*o + s - 219, 4*o - 4*s - 168 = 0. What is the tens digit of o?
4
Suppose -7*b = -3*b + 16. Let m be (-2)/4*(4 + b). What is the units digit of 0/2 + (9 - m)?
9
Let u = 72 - -23. What is the units digit of u?
5
Let y(k) = 4. Let n(x) = x - 12. Let r(b) = -2*n(b) - 7*y(b). Let o be r(-3). Suppose 5 = -o*d + 13. What is the units digit of d?
4
Suppose -6*j = -8*j + 258. What is the units digit of j?
9
Suppose -5*o + 764 = -596. What is the hundreds digit of o?
2
What is the units digit of ((-650)/20)/(1/(-2))?
5
Suppose 0 = 2*g - 0 - 2. Let w be 0/(-2) + (0 - g). What is the units digit of w/((8/(-6))/4)?
3
What is the tens digit of 0 - (-8 + 5)/((-9)/(-366))?
2
Let c = -1 - -4. Suppose 11 - 95 = -c*t. What is the units digit of t?
8
Let c be 0 + 2/2 + -1. Let r = 3 - c. Suppose -1 - 5 = -r*p. What is the units digit of p?
2
Let h(c) = c**2 - 9*c + 3. What is the tens digit of h(12)?
3
Suppose -r + 42 + 10 = 0. What is the tens digit of r?
5
Suppose 0 = 5*j - 20. Suppose 2*x = j*y - 10, 4*x - 5*x = -y + 2. What is the units digit of x?
1
Let h = 9 + -5. Suppose h*i - 5 = 3*i. Suppose -i*k + 6 + 14 = 0. What is the units digit of k?
4
Suppose -2*w - 4*t + 122 = 0, -23 = -4*w + 5*t + 247. What is the tens digit of w?
6
Let y(g) = -4*g**2 - 2*g + 1. Let a(t) = t**3 - t. Let u(f) = a(f) - y(f). Let x(q) = -2*q + 5. Let n be x(4). What is the units digit of u(n)?
5
Let r(t) = -5 - 7*t**2 - t**3 + 6*t**2 + 1 + 3*t. Let h be r(-3). Suppose 0 = -y + h*y - 20. What is the units digit of y?
5
Suppose -3*a - 2*a - 4*r - 7 = 0, 0 = a + r + 2. What is the units digit of a/((7 + -3)/48)?
2
Let g = -3 + -5. Let r be (g/(-10))/((-6)/(-15)). Suppose -3 = -5*j + r*j. What is the units digit of j?
1
Let y = -125 + 264. What is the hundreds digit of y?
1
Let y(v) = v**3 - v**2 - v + 19. What is the tens digit of y(0)?
1
Let m(q) = 2*q - 9. Let w be m(6). Suppose -3 = -p + w. Let k(c) = 4*c - 9. What is the units digit of k(p)?
5
Suppose 74*y = 70*y + 584. What is the hundreds digit of y?
1
Let h(v) = 5*v + 4. What is the tens digit of h(7)?
3
Suppose 0 = -2*x + 2*p + 284, 0 = 2*x - 0*p - 5*p - 296. What is the units digit of x?
8
Let j be (-46)/6 - 2/6. Let a = j - -2. Let d(k) = -4*k - 8. What is the tens digit of d(a)?
1
Let k(z) = -2*z - 2. Let q be k(5). Let w be (-105)/q + 1/4. What is the units digit of (-3)/(3/(-2)) + w?
1
What is the tens digit of (-244)/6*(8 + 19/(-2))?
6
What is the units digit of (4/(-18))/(8/(-48))*93?
4
Suppose -3*v - 7 = 2. Let x(n) = -n**2 - 4*n + 3. Let i be x(v). Suppose l = -2*l + i. What is the units digit of l?
2
Let j(v) = v**2 - 5*v + 3. Let n be (12/20)/(1/10). Let w be j(n). Let k = w + -3. What is the units digit of k?
6
Let o(b) = -b**3 - 4*b**2 - 4*b - 9. What is the units digit of o(-4)?
7
Suppose 0 = 6*l + 115 - 577. What is the tens digit of l?
7
Let v(k) = -39*k**3 + k**2 + 2*k + 1. Let a be v(-1). Suppose -31 = -5*x + a. What is the tens digit of x?
1
Suppose -3*m = 4*k - 3*k, -4*k + 2*m = -70. Let l = k + -9. What is the units digit of l?
6
Let t(a) = a**2 + 6*a + 2. Let v(g) = g. Let q be v(1). Let o be 7*(q + -2) - 0. What is the units digit of t(o)?
9
Suppose 5*l = -8*r + 3*r - 25, 0 = -r + 4*l. Let t = r - -4. What is the tens digit of (t + 8)*(-15)/(-12)?
1
What is the units digit of (-8 - -6) + 88/2?
2
Let i = 6 - 5. Let o(r) = 11*r**3 + r**2 + r - 1. What is the units digit of o(i)?
2
What is the units digit of (-1)/(-1) - (7 + -5 + -252)?
1
Suppose -3*v - 3*d = -40 - 107, 0 = 3*v - 3*d - 123. Suppose 5*o - v = -0*o. What is the units digit of o?
9
Let g = -5 + 19. Let i = g + 22. What is the units digit of i?
6
Let m(b) = -4*b**2 + b + 1. Suppose -5*o - 5 = -2*g - 27, -o + 9 = -5*g. Let a be m(g). Let s = a + 7. What is the units digit of s?
3
Let z(j) = j**3 - 3*j**2 - 2*j + 4. Let w = -5 + 6. Suppose 5 = r + w. What is the tens digit of z(r)?
1
Let b(h) = h - 6. Let w be b(6). Let n = 1 - w. What is the units digit of n?
1
Let f = 60 - 35. What is the tens digit of f?
2
Let y(r) be the first derivative of r**3/3 + r - 2. What is the tens digit of y(-6)?
3
Let t(l) = -43*l + 1. What is the units digit of t(-1)?
4
Suppose 0 = -7*d + 119. What is the tens digit of d?
1
Let i = 150 + -104. Suppose 6*z - i = 4*z. What is the units digit of z?
3
Let h(l) = -l**3 + l - 32. Let m be h(0). Let g(d) = d**2 + 12*d + 11. Let f be g(-8). Let i = f - m. What is the tens digit of i?
1
Let b(k) = k**3 + 8*k**2 + 1. Let c be b(-8). What is the units digit of (-1)/((c/2)/(-1))?
2
Suppose 0 = l - 3, 0*n + 18 = 3*n + 4*l. Suppose -175 - 5 = -4*b. Suppose 4*i - b = 5*h, -n*i + 43 = 2*i - 3*h. What is the tens digit of i?
1
Let q(i) = 7*i. Suppose 4*t - 2*t = 18. Let f be ((-1)/3)/((-3)/t). What is the units digit of q(f)?
7
Let w(q) = q**3 + 7*q**2 - q. What is the units digit of w(-7)?
7
Let i(h) = -5*h + 2. What is the units digit of i(-6)?
2
Let i(b) = -9*b**3 + 2*b**2 + 2*b. What is the units digit of i(-2)?
6
Suppose 7 = 2*j - 